 m(i) = 2*i**3 + 39*i**2 + 15*i - 68. Let g = 5918 - 5937. Give m(g).
8
Let h(x) = -47*x**2 - 40*x + 159. Let u(q) = 12*q**2 + 2*q - 3. Let g(a) = -h(a) - 4*u(a). Give g(27).
-12
Let j(x) be the second derivative of -x**4/12 + 2*x**3/3 + 17*x**2/2 - 231*x. Calculate j(6).
5
Let v(r) = -r - r - 1 - 8*r + r. Let u = -59 + 26. Let y be -1 - u/27 - 33/27. Calculate v(y).
8
Let z(d) = 2596 + 6*d + 0*d - 2600 + 0*d**2 - 3*d**2. Let r(j) = -16*j**2 + 32*j - 20. Let b(n) = -2*r(n) + 11*z(n). What is b(3)?
-7
Let a(q) be the first derivative of -q**2 + q - 19. Let d(w) = 4*w + 5. Let b be d(3). Suppose -13*r + 4 = -b*r. Give a(r).
3
Let a be (-584)/(-88) - (-136)/374. Suppose 3*x + x - 12 = 0. Let c(h) = 4*h**2 - 18*h**3 - 2 + a*h**x + 10*h**3 + h. What is c(4)?
2
Let f(r) = -r**3 + 8*r**2 - 2*r - 30. Let m be (2/(-24))/(21*42/(-74088)). Determine f(m).
5
Let h(z) = -z**3 - 7*z**2 - 14*z - 1. Let t be h(-4). Let c(r) = -t*r - 4*r**2 - 11 + 3*r**2 + 4*r + 14*r. Determine c(10).
-1
Let d(f) be the first derivative of -15*f**2/2 + 2*f - 2071. Let x be 27/(-54)*(-4)/(-1 - -3). Give d(x).
-13
Suppose 19*w - 24*w + 45 = 0. Let o(z) = -2*z - 7*z + w*z + 1 + 3*z**2. What is o(2)?
13
Let w = 11485 + -11485. Let x(f) be the third derivative of -2/3*f**3 + 15*f**2 + w + 0*f - 1/4*f**4 - 1/60*f**5. What is x(-4)?
4
Let y(k) be the second derivative of -k**5/20 + 2*k**4/3 - 5*k**3/6 - 4*k**2 + 4*k. Let u = -106 + 176. Suppose 13*t - 3*t = u. Calculate y(t).
6
Let s be (-13 + (13 - 4))*2. Let c(y) = y**2 + 6*y - 13. Give c(s).
3
Suppose -18*g = -21*g + 6. Let x(t) = -t + 98*t**g - 96*t**2 + 6 + t**3 - 2. What is x(-3)?
-2
Let k(u) = -2 + 1 + 3*u + 2*u. Suppose -2892*f + 25 = g - 2896*f, 0 = g + 3*f + 24. Calculate k(g).
-16
Let r = -71 + 73. Suppose -r*k - 354 = -8*k. Let t(o) = 6 + 53*o - k*o - 4. Determine t(3).
-16
Let p(q) = 609*q - 2723. Let k(a) = 75*a - 341. Let x(c) = -49*k(c) + 6*p(c). Calculate x(18).
-7
Let n(o) = 10*o - 291. Let a = 10831 + -10802. Give n(a).
-1
Let i(l) = -4*l + 40. Let q = 1254 - 1245. Determine i(q).
4
Let w be (36 - (-3 - -1))/2. Let a(p) = -p**3 - w*p + 2*p**2 + 21*p + 3 - p. What is a(4)?
-25
Let u(i) = -30*i**3 + 3*i**2 + 11*i - 13. Let m(b) = -43*b**3 + 5*b**2 + 16*b - 18. Let c(y) = -7*m(y) + 10*u(y). Calculate c(4).
-28
Let r(w) = w**2 - 15*w + 36. Let x be r(12). Let k(h) = x*h - h - 21*h**2 + h**2. Give k(-1).
-19
Let o(g) = -5*g**3 + 9*g**2. Let h(s) = -s**3 + s**2. Suppose 3*c + 2*x + 13 = -7, -5*c - 27 = -3*x. Let f(u) = c*h(u) + o(u). Determine f(-2).
4
Suppose -4 = 4*d - 16. Let m(l) = -11 - l**d - 12*l**2 + 15 - 5. Calculate m(-12).
-1
Let x be -3 - (3 + 0 - 901). Let o(b) = -b**2 - 4*b + 2*b + 6*b + x - 897. Suppose -c + 4 = -0*c. Calculate o(c).
-2
Let o(z) = -13 - 3*z - 20*z**2 - 11 + 23. Let p(f) = -9*f**2 - 2*f. Let h(d) = -4*o(d) + 9*p(d). Let a(w) = -w**2 + 11*w - 7. Let m be a(11). What is h(m)?
-3
Let f(b) = -b**3 - 2*b**2 + b + 2. Let d(k) = 178*k**3 - 4*k**2 + 4*k + 1. Let l be d(1). Let y = l + -181. Calculate f(y).
0
Let n(b) = -2*b**2 - 2*b + 261. Let z be n(11). Let p(s) = -s**3 + s**2 - 3*s - 3. Calculate p(z).
42
Let x(k) = k**3 - 2*k**2 - 8*k + 7. Let n be 6/(15/9 + (-7 - 120/(-36))). Determine x(n).
-14
Let y be 144/(-144)*1*8. Let q(z) = -z**3 - 9*z**2 + 4*z - 6. Determine q(y).
-102
Let t(l) = -l**3 + 19*l**2 + 24*l - 46. Let n be t(20). Let d(m) = -n + 13*m + 32 - 12*m. What is d(-7)?
-9
Let y(q) = q**3 + 5*q**2 - 2*q - 9. Let r = 2971 - 2977. Give y(r).
-33
Let h(u) = 3*u**2 - 8. Let p(s) = -s**2 - 99*s + 516. Let w be p(5). Give h(w).
40
Let r(d) = -d - 2. Let m be (15/12)/((-6)/(-48)*2). Suppose -2 = 5*u + 4*l, 3*u - m*l - 12 = 9. Give r(u).
-4
Let p(c) be the first derivative of c**3/3 - 15*c**2/2 - 34*c - 2612. Calculate p(16).
-18
Suppose -7*m - 56 = -84. Let p be 975/(-156) - 3/m. Let v(z) = z - 4. What is v(p)?
-11
Let h(n) = -3*n - n**2 + 60*n**3 + 59545 - 59546 + 6*n**3. Determine h(-1).
-65
Let g(h) = -11*h - 11. Let k(v) = -13*v - 12. Let p(j) = -7*g(j) + 6*k(j). Suppose 24 = 325*m - 319*m. Determine p(m).
1
Let h be 9/(-90) + 21/10. Let k(o) be the second derivative of o**3/6 - o**2 + 15*o. Give k(h).
0
Let c(x) = -3*x**2 + x + 9. Let j(u) = -u**2 - u - 3. Let m be j(-1). Determine c(m).
-21
Let i(j) = j**2 - 10*j + 5. Let w(g) = -g**3 - 13*g**2 - 5*g + 7. Let v be w(0). Give i(v).
-16
Let u(v) = 81*v - 242. Let j = 37464 - 37461. What is u(j)?
1
Let a be ((-5)/(10/4))/((-6471)/(-216) + -30). Let r(n) = -n**2 + 46*n + 93. Determine r(a).
-3
Let h(k) = -2*k + 0*k + 1 - k. Let i(b) be the third derivative of -b**4/3 + b**3/3 - 15*b**2. Let r(o) = -11*h(o) + 4*i(o). Give r(3).
0
Let a(f) = -7*f + 1. Suppose 5*z - 4*y + 368 = 3*z, 4*z = -4*y - 688. Let w = z + 173. What is a(w)?
22
Let s(r) be the third derivative of -1/2*r**4 + 0 + 10*r**2 + 0*r - 2*r**3 - 1/60*r**5. Give s(-10).
8
Let s(w) = w**3 + 8*w**2 - 24*w - 21. Let m(k) = -3*k**2 - 179*k - 678. Let g be m(-4). Calculate s(g).
19
Let i(y) = 12*y**2 - 8*y**2 - 9*y**2. Let a = 3 + -4. Let s be (-1)/(6/4 + a). What is i(s)?
-20
Suppose -3*v - 23 = -4*w, -v + 29 = -5*v + 5*w. Let r = 19 - 17. Let s(a) = -2*a - 2*a**3 + 5 - 3 - r*a**2 - 3 - a**3. Determine s(v).
2
Let y(s) = -s**2 + 35*s - 6. Let x(a) = -a**2 + 16*a + 1. Let v(d) = -2*x(d) + y(d). Calculate v(3).
10
Let r(u) = u**2 + u**2 - 909550*u**3 + 4*u + 2 + 909541*u**3. Determine r(-2).
74
Let x(i) = 161*i - 1126. Let d be x(7). Let o(n) = -16*n**3 + 2*n**2 - n. What is o(d)?
-15
Let p(u) = u**2 - 14*u + 4. Let l = -58 - -52. Let b(c) = 14*c + 98. Let h be b(l). Determine p(h).
4
Let j = -272 + 297. Let d(v) = j*v - 4*v - 3*v - 5*v - 12*v. Give d(6).
6
Let s(b) = -2*b - 5275 + 2645 - b**2 + 2611. What is s(0)?
-19
Let k(u) = u**3 - 32*u**2 + 30*u + 33. Let m be k(31). Let b(z) = -6 + 2*z + 3 + m*z**2 + 5*z + 10. Give b(-5).
22
Suppose 34 = 4*z - 6. Suppose 17 = 4*x + 5*s + 70, 0 = 5*x - 5*s + z. Let a(o) = 8*o**2 + 5*o**3 + 1 + 6 - 4*o**3 + 2*o - 7*o**2 + 6*o**2. What is a(x)?
-7
Let h(b) = b**2 - 13*b + 6. Suppose -22*f + 16 = -18*f. Suppose f*q - 107 = -55. Give h(q).
6
Suppose 86 = -5*n - 4*j, 6*n - 3*j = 4*n - 16. Let p be 0 + (-175)/50*12/n. Let y(c) = c**2 - c + 1. Calculate y(p).
7
Let o(y) = 8*y + 7. Let k be (-15)/(-42)*-7*2. Calculate o(k).
-33
Let q(w) = 9*w - 10 - 3*w + 3 - 5*w. Let b(j) = -9*j + 20. Let y be b(6). Let l = -34 - y. Give q(l).
-7
Let v(o) = -60*o - 12. Let g(j) = 12*j + 1. Let y(l) = -6*g(l) - v(l). Give y(0).
6
Let m(r) = 5*r**3 - 11*r**2 + 13*r + 5. Let y(x) = 0*x**2 + 5 + 16*x**3 - 10*x**2 - 12*x**3 + 12*x. Let p(h) = 5*m(h) - 6*y(h). Determine p(-6).
1
Let m be 44/(-792) + 70/(-36). Let c(j) = 2*j**2 - 2*j - 1. Determine c(m).
11
Let v(s) = -s**3 - 7*s**2 - 9*s + 6. Let h = -2932 - -2928. What is v(h)?
-6
Let b(c) = 5*c**2 + 7*c. Let q(j) = -4*j**2 - 6*j. Let d(x) = -5*b(x) - 6*q(x). Let k = -107 + 108. Give d(k).
0
Suppose 3*f = -c - 13 - 3, 38 = -4*c + f. Let l(r) = r**2 + 8*r - 15. Calculate l(c).
5
Let w(b) = -14*b + 1. Let n(o) = 83*o - 15. Let v(g) = -n(g) - 6*w(g). Let c = 23 + -41. Let d = c + 12. Give v(d).
3
Let o(m) = 23*m**2 - m - 1. Suppose 2*k + 2*n + 0*n - 12 = 0, 0 = 4*k + 5*n - 29. Give o(k).
21
Let c(y) = -y**2 + 11*y + 29. Let m be c(13). Suppose 4*i - m - 5 = 0. Let o(h) = 7*h**2 + h + h**3 + h - i*h**2. Give o(-3).
12
Let m(w) be the first derivative of -8*w + 1/3*w**3 + 0*w**2 - 100. Give m(0).
-8
Let x(d) = -3*d + 28. Suppose -t = -7*t - 4098. Let v = -672 - t. Give x(v).
-5
Let r(i) = i**3 - 9*i**2 - 19*i - 20. Let y(j) = -j**3 + 11*j**2 + 3*j - 22. Let x be y(11). What is r(x)?
13
Suppose -13*v = 435 - 539. Let h(g) = -6*g + 8 - v*g**2 + 19*g + g**3 - 6*g. What is h(7)?
8
Let c(k) = 2*k - 298. Let b(v) = v - 223. Let h(x) = -9*b(x) + 7*c(x). What is h(18)?
11
Let w = -449 - -454. Suppose 2*l - 1 = 3*l, -4*o - 33 = w*l. Let s(p) = p**3 + 7*p**2 + p + 12. Give s(o).
5
Let x(y) = -5 + 45*y**2 + 21*y + 8*y - y**3 - 34*y**2 - 16*y. Give x(12).
7
Let p(j) = 16*j**2 + 14*j + 14 - 11*j**2 - 4*j**2. Give p(-14).
14
Let d be (-184)/(-28) - 33/(-77). Let u(v) = -3*v - 26*v**2 + 25*v**2 + 17 - 3 - d + v. Calculate u(-5).
-8
Suppose -70 - 56 = -18*a. Suppose -a*g - 5 + 5 = 0. Suppose -18 = 2*o - g*o. Let u(w) = -w**3 - 9*w**2 - 1. 